- (-5 - -5))) + -3.
1
Calculate 1 + 0 + -3 + 2 + -3.
-3
Evaluate 3 + 2 + -5 + 2 + 7.
9
Calculate -2 + -2 + -1 + 10 - 1.
4
What is -8 + (1 + 2 - 0) - -9?
4
What is the value of 0 + (1 - 4) + 7?
4
Calculate -3 + (6 + -5 + -2 - -3).
-1
Calculate (-3 - (3 + -9)) + -1 + -5.
-3
(-2 - 2) + (-9 - (5 + -11))
-7
What is 0 - 0 - (9 - (-4 - -8))?
-5
What is 0 + 2 - (6 + (-12 - -7))?
1
What is the value of -42 + 43 - (3 - (-2 - -4))?
0
1 - 2 - (3 + -7)
3
(-98 - -95) + 1 + 5
3
-4 + 3 + 0 + 2 + -6
-5
Calculate -5 - (2 + (3 - 11)).
1
What is 2 + 3 + -2 - -2?
5
What is -5 + -2 + -3 + 13 + 1?
4
What is the value of (0 + 8 - 13) + 10?
5
Evaluate (-1 - 3) + (0 - (-8 + 9)).
-5
Evaluate -31 + 13 + 7 + (-1 - -6).
-6
Calculate (-20 - (-18 + 9)) + 3.
-8
What is the value of (-29 - -30) + (0 - 1 - 6)?
-6
Calculate 6 + (0 - 0) - 9.
-3
What is the value of (-19 - -28 - 2) + 2 + 1?
10
What is the value of 3 - (3 + 1 - 1)?
0
2 + (-13 - -10 - -7)
6
(-3 - -2 - (2 - 2)) + 1
0
Evaluate 4 + -1 + -10 + 2.
-5
What is the value of -5 - -6 - 6 - -4?
-1
2 + -1 + (2 - 2) + 0
1
Evaluate 1 - (0 - -1) - (11 + -7).
-4
What is the value of -1 + (-4 - 1 - -9)?
3
What is 7 + -16 + (11 - -2)?
4
-2 + -2 + 3 + -5 + 1
-5
What is the value of -3 + 1 + 7 - 4?
1
Evaluate -14 - -12 - (-5 - -1).
2
What is the value of 7 - (-6 + 13 + -8)?
8
1 + 0 + 4 + (-8 - -2)
-1
What is (0 - 2) + -4 + 2 + 3?
-1
5 + -11 + 5 + 8
7
Evaluate 0 - -3 - (-5 + 7).
1
What is the value of 2 + (-10 - (-11 + 7))?
-4
What is -6 + 25 + -11 + 2?
10
Calculate -14 + 1 + -22 + 30.
-5
What is 0 + -5 - ((-2 - 7) + 3)?
1
0 + -3 - (5 + -8) - -2
2
What is the value of (2 - 1) + (27 - 25)?
3
Calculate 0 + 1 + (-3 - (-3 + 4)).
-3
What is 0 + 1 + 2 - 6?
-3
What is -95 + 94 - (0 + -2 + -3)?
4
(-5 - (-4 - (-7 - -6))) + 3
1
What is the value of -1 - (-3 + -1 - (1 - 2))?
2
Evaluate -2 + 0 - (-5 + 10 + -2).
-5
7 + (-3 - (2 + 0) - -3)
5
Calculate 8 - 1 - (-5 - -6).
6
What is 30 + -22 - (-1 - -2 - 3)?
10
What is the value of 2 + 8 + (11 - (15 + -1))?
7
What is 3 + (3 - (4 + 2)) - 3?
-3
Evaluate 3 + (1 - 0) - (-5 - -12).
-3
Calculate -1 + -5 + 12 + 1.
7
What is (-6 - (-3 + 4)) + 8?
1
Calculate (-1 - (3 - 6)) + -5 + 2.
-1
(-10 - -2) + 6 - (3 - 0)
-5
What is 4 - (5 + (2 - 5))?
2
4 - ((2 - 6) + 3)
5
Calculate 1 - -4 - (-5 + 10).
0
Evaluate -4 + (19 - (-7 - -5 - -8)).
9
3 + -4 + 8 - 12
-5
Evaluate -1 + 2 + -3 + -1 + 3.
0
What is the value of -5 + (2 - -3) + 5?
5
What is 1 + -1 - 1 - (-25 + 19)?
5
4 + -2 + (-6 - (1 + -9))
4
Calculate -6 - -2 - (-11 + 7 + -4).
4
What is the value of 2 + 0 + 5 - (-1 - -7)?
1
-1 + 2 - (-13 + 13) - -2
3
What is -1 + 1 + (2 - (-6 + 2))?
6
Evaluate (0 - 5) + (2 - (5 + -3)).
-5
-4 + -1 + (8 - 6) + 6
3
Calculate 10 + (-12 - 1) + 3.
0
Calculate 15 + -6 - (4 + -1 + 3).
3
Evaluate 5 + -1 + (-2 - 1) + 4.
5
What is (0 - (-1 + (-3 - 1))) + -5?
0
What is 48 + -40 + -2 + 3 + -6?
3
Evaluate (-5 - -9) + -2 - 0.
2
Evaluate -11 - (-2 + -4 + 1).
-6
Calculate -7 + (-1 + 7 + 2 - 7).
-6
Evaluate -2 + (-8 - -15 - 5).
0
What is 5 + (-1 - (-12 + 19))?
-3
What is 1 + -1 + (1 - -7) + -7?
1
(1 - (1 - 3)) + 3
6
0 + (10 - 3) + -14
-7
Evaluate 6 + (2 - (-1 + 5)).
4
What is -3 + 8 - ((9 - 3) + 4)?
-5
-6 + (2 - 0) - (0 - 1)
-3
Evaluate 0 + -4 + 1 + 6 - 0.
3
Evaluate (0 - (0 - 1)) + 4.
5
What is the value of 0 - (-2 - -3 - 1)?
0
Evaluate -3 + (-4 - -10) - 5 - 7.
-9
What is (6 - 0) + -5 + -5 + 12?
8
What is (-5 - 6) + 7 + 2?
-2
Evaluate -1 + 0 + (5 - 5) + 5.
4
What is the value of 29 + -7 - 10 - (2 + 2)?
8
Calculate -1 + 0 - (-6 + 10).
-5
What is the value of -5 - -2 - (-2 + 5 + -4)?
-2
Calculate 12 - (0 + -1 + 9).
4
What is 13 - (3 - (0 + -5))?
5
What is 0 + 4 - (-19 - -18)?
5
Calculate 3 - ((-9 - -12) + (0 - 4)).
4
Evaluate 0 + (1 - -5) - (2 + 2).
2
Calculate (5 - 1) + (-14 - -5).
-5
Evaluate 3 + (3 - 0) + (0 - 1).
5
Calculate -4 - (8 + -10 + -5 + 0).
3
Calculate 2 + -3 - -2 - -2.
3
What is -4 + 2 + 8 + -10?
-4
What is 0 + (-2 - -4) + (-1 - -3)?
4
Calculate 5 + -2 + -4 + 0.
-1
21 + (12 - 19 - 6)
8
What is the value of (-13 - (-2 + -10)) + 5 + 1?
5
What is -14 + (25 - 1) + -10?
0
What is 6 - (1 - (-1 - 1))?
3
Evaluate (3 - 0) + 1 + 1.
5
What is 7 + (-1 - 9) - 0?
-3
(-16 - -2) + (8 + 11 - 12)
-7
What is the value of (-3 - -1) + 14 + -6 - 13?
-7
2 - (4 - (5 + 1))
4
Evaluate (0 - 6) + (-3 - (-29 + 16)).
4
What is (-64 - -63) + (1 - -7)?
7
1 + (-1 - -2) - (-3 + 1)
4
What is -43 + 51 + (-5 - (-1 - 0))?
4
Calculate -1 + (13 - 6 - 3) + -2.
1
12 + (-14 - -2) + -3
-3
5 - (3 + -3 - -1)
4
What is (6 - 1) + -2 - 1?
2
Calculate -7 + 11 - (-2 - (0 - 2)).
4
Evaluate 1 + 2 + (-2 - 0) + -6.
-5
What is (0 - ((6 - 6) + 4)) + -1?
-5
Calculate 3 + -1 + 4 - 1.
5
2 + -1 + -5 + 2 - -6
4
What is (3 - (4 - -2) - -1) + 4?
2
What is the value of 1 + -13 - (-110 + 107)?
-9
(1 - 1) + -2 + 16 + -13
1
-1 + 6 + (0 - -1)
6
What is the value of 7 - (2 + 10 + -12)?
7
7 + (3 + 2 - (7 - 1))
6
Calculate -11 + 0 + -82 + 91.
-2
Calculate (0 - (-1 + 1 - 2)) + 1.
3
14 + -17 + -3 + -1 + 2
-5
Calculate -9 + 7 + (-4 - (0 - 9)).
3
Evaluate (-6 - -1 - -4) + (3 - 0).
2
3 + 0 + -6 + 5
2
0 + 3 - (0 - (-2 + 2))
3
What is the value of -5 + (3 - -2) + 0?
0
Evaluate (0 - (-2 + -2)) + -7 + 1.
-2
Calculate 1 - (3 - 5) - 3 - 4.
-4
(6 - (0 - 1)) + -6 + 1
2
What is the value of -7 + 14 + -13 + (8 - 2)?
0
Calculate (-1 - 1) + 8 + 17 + -17.
6
-5 - ((-6 - (5 - 10)) + 2)
-6
Calculate (5 - 2) + -13 + 11.
1
-9 - -2 - (10 + -8 - -1)
-10
What is the value of -1 + 14 - (55 + -31)?
-11
Calculate 1 - (-4 + 4 - -4).
-3
What is -2 - (-2 + (-3 + 2 - -6))?
-5
Evaluate 13 + -6 - (13 - 2).
-4
Calculate (-1 - 9) + 1 + (-11 - -15).
-5
What is the value of (4 - -1) + -9 + (-3 - -9)?
2
Evaluate 4 - 3 - (-2 + 6).
-3
Evaluate -23 + 14 - (-1 - 3).
-5
Calculate (-2 - 1) + 7 - 3.
1
Calculate (0 - -19) + 7 + -15.
11
-4 - (2 + -12) - 13 - -16
9
What is -4 - (-12 + -11 + 7 + 12)?
0
(-3 - 2) + 7 + 4
6
What is the value of (-9 - -4) + -1 + 9?
3
What is the value of 4 - 0 - (-1 - -3) - 2?
0
Evaluate -7 + -2 + 1 + 3.
-5
What is 6 - (7 + -2 + -4)?
5
What is the value of 0 - (-1 + 5 + -4 + 0)?
0
Calculate 2 + (-3 - (8 - 1 - 3)).
-5
-2 - 1 - (3 + (3 - 8))
-1
Calculate -5 - ((13 - 6) + -18).
6
(0 - 5) + (-15 - -29)
9
Evaluate 2 + 0 + -5 + (17 - 11).
3
(-1 - -15) + -80 + 72
6
What is -12 + 8 + 1 + 2?
-1
What is (7 - (-6 + 9)) + (-5 - -2)?
1
Calculate 0 + 0 - -3 - (-6 - -5).
4
1 - (7 - (18 + -9))
3
What is 0 + 2 - ((-6 - -7) + 4)?
-3
Evaluate -4 - (0 - (3 - 6) - 2).
-5
Evaluate (6 - 5 - (3 - 4)) + 1.
3
What is 9 + -5 + (-14 - -2)?
-8
Evaluate 3 - (1 - (7 + -5)).
4
Evaluate -1 + 7 - 2 - (-8 + 10).
2
6 - (8 - (15 + -8))
5
-2 + (8 - (8 - 0))
-2
1 + (-3 - -4 - 5)
-3
Evaluate 7 - ((5 - 1 - 6) + 5).
4
Calculate -3 + -4 + (-2 - -3) + 2.
-4
What is the value of 4 - ((-1 - 0) + 0)?
5
Evaluate (15 - 3) + -3 - 6.
3
Calculate 0 - (0 - (-2 + -4)).
-6
What is -1 - 3 - (-12 + 13)?
-5
Evaluate 5 + -2 + (-6 - (-2 + 2)).
-3
7 + 0 + (6 - 4) + -8
1
What is (-6 - 0) + -13 + 13 + 16?
10
What is -3 - -4 - 6 - (-2 + 1)?
-4
Calculate (14 + -3 - 14) + (-1 - 4).
-8
-2 - (3 + (0 - 2 - -1))
-4
(0 - -1) + 26 + -30
-3
-6 - -2 - (-8 + -2)
6
What is the value of 1 - -3 - 14 - -14?
4
Evaluate 3 - 11 - (-1 + 0 - 2).
-5
What is 1 - 7 - (3 + -20 + 4)?
7
Evaluate 2 + 1 + (2 - 0) + -3.
2
Evaluate 1 + 1 + -16 + -1 + 13.
-2
What is the value of -11 + 2 + (-2 - -3) + 3?
-5
Calculate -9 - (-1 - (5 - (-1 - -1))).
-3
What is the value of 8 - (-9 - -9 - -16)?
-8
What is -1 - -5 - (-1 + -2)?
7
Evaluate (7 - (4 + -3)) + -3.
3
(-2 - -1) + (16 - 16) - 0
-1
What is the value of 1 - (0 + -1 - 0)?
2
What is (2 - 0) + -3 + -3 + -1?
-5
Calculate -2 - (-6 + (2 - (-4 - 7))).
-9
Calculate (-1 - -1) + (2 + -4 - -2).
0
What is the value of 14 + 0 + -3 + (-54 - -51)?
8
What is the value of -20 + 6 + 9 + (11 - -1)?
7
What is the value of -7 + 1 + (-2 - 3) + 4?
-7
Evaluate 1 + -4 + (12 - 11) - -4.
2
What is -1 + 5 + -2 + 14 + -13?
3
What is (1 - -2) + 1 - 8?
-4
Evaluate 4 + -4 - (-21 + 20).
1
What is the value of -6 + -3 + 8 + -3?
-4
6 - 3 - (-3 + 2)
4
What is 4 + -2 + -1 + -9?
-8
4 + (2 + -2 - (-3 + 6))
1
What is the value of 1 - (9 + -9 + -5 + 0)?
6
Evaluate -1 + -1 + 1 + (0 - -2).
1
Calculate 0 + (-1 + -2 - (-5 - -2)).
0
Evaluate -7 - 2 - (-4 + 4 + -1).
-8
Evaluate (4 - -2 - 3) + -1.
2
What is the value o